Let t(z) = 55*z**2 - 766*z + 1. Determine t(14).
57
Let x(f) = -2546*f - 10196. Determine x(-4).
-12
Let s(r) = 38*r**2 + r + 38. Determine s(0).
38
Let h(q) = -1017*q + 4084. Determine h(4).
16
Let j(m) = -8*m**2 - 18*m + 72. What is j(5)?
-218
Let p(r) = 157*r + 192. Give p(-4).
-436
Let y(t) = 7*t**2 + 40*t - 216. What is y(8)?
552
Let o(y) = 2607*y - 7813. Give o(3).
8
Let y(m) = -19*m + 267. What is y(18)?
-75
Let z(x) = -x**2 - 115*x + 3287. What is z(-139)?
-49
Let o(r) = r**3 + 30*r**2 - 137*r + 18. Calculate o(-34).
52
Let u(m) = -2*m**2 - 25*m - 24. Calculate u(-13).
-37
Let i(t) = 48*t**3 + 142*t**2 - t + 16. Give i(-3).
1
Let p(c) = -2*c**2 - 237*c - 1452. Give p(-6).
-102
Let z(s) = -3*s**2 - 467*s - 15685. What is z(-49)?
-5
Let a(o) = 2*o**2 - 9*o - 2568. Determine a(38).
-22
Let i(d) = -99*d + 3917. What is i(38)?
155
Let u(b) = -3*b**2 + 69*b + 214. Determine u(26).
-20
Let n(z) = 199*z + 304. Determine n(-3).
-293
Let w(d) = 77*d**3 - 2*d**2 + 14*d + 16. Give w(-1).
-77
Let m(f) = 11*f**2 + 319*f - 334. What is m(-30)?
-4
Let g(v) = v**3 - 44*v**2 - 347*v - 225. Give g(51).
285
Let n(y) = 20*y - 176. Calculate n(9).
4
Let u(o) = -20*o - 462. Give u(-23).
-2
Let b(q) = 124*q - 3446. Calculate b(28).
26
Let d(r) = 41*r + 2254. Determine d(-55).
-1
Let z(n) = -n**3 + 184*n**2 - 1057*n - 73. Determine z(6).
-7
Let j(g) = 13*g + 25. Determine j(6).
103
Let d(w) = 313*w - 2188. Give d(7).
3
Let w(r) = -157*r - 14947. Calculate w(-95).
-32
Let g(u) = -u**2 + 11*u + 8. What is g(-5)?
-72
Let b(x) = -2*x**3 - 2*x**2 + 158*x - 60. Give b(8).
52
Let d(t) = -30*t + 408. Determine d(12).
48
Let g(w) = w**3 + 60*w**2 + 540*w + 11. What is g(-11)?
0
Let c(x) = -13*x**2 + 667*x - 31. Calculate c(52).
-499
Let c(y) = 4*y**3 - 4*y**2 - 14*y. Calculate c(-2).
-20
Let w(g) = -939*g**2 + 956*g - 2. Calculate w(1).
15
Let h(w) = -1723*w + 6892. Calculate h(4).
0
Let t(x) = -x**3 + 39*x**2 - 141*x + 55. What is t(35)?
20
Let m(o) = -3*o**2 - 28*o - 57. Determine m(-7).
-8
Let l(q) = 17*q + 46. Calculate l(8).
182
Let s(w) = -201*w + 213. Determine s(1).
12
Let q(s) = s - 76. Determine q(8).
-68
Let i(k) = -14*k + 69. Give i(12).
-99
Let u(b) = -84*b**3 + 257*b**2 - 5. Give u(3).
40
Let y(x) = x**3 + x**2 - 6*x + 41. Calculate y(0).
41
Let h(g) = g**2 - 271*g - 4191. Give h(-15).
99
Let b(s) = s**2 - 60*s + 157. Determine b(32).
-739
Let u(i) = -5114*i - 20457. Give u(-4).
-1
Let f(i) = -5*i**2 + 43*i + 210. Give f(12).
6
Let d(y) = 35*y - 583. Determine d(17).
12
Let y(w) = 92*w - 907. Give y(10).
13
Let y(d) = d**3 + 24*d**2 - 216*d - 14. Give y(7).
-7
Let l(a) = 227*a + 358. What is l(-2)?
-96
Let w(c) = -79*c**2 - 939*c + 141. Give w(-12).
33
Let r(x) = -x**2 - 26*x + 82. Determine r(-22).
170
Let h(z) = z**3 - 30*z**2 - 133*z - 98. Determine h(34).
4
Let u(h) = -5*h**3 + 7*h**2 + 6. What is u(2)?
-6
Let v(q) = q**3 - q**2 + 2*q + 24. Determine v(0).
24
Let w(q) = -2*q**2 - 24*q - 61. Determine w(-4).
3
Let b(x) = -x**3 - 23*x**2 - 49*x - 114. Determine b(-21).
33
Let o(x) = -209*x - 12742. What is o(-61)?
7
Let m(j) = -106*j**2 - 630*j + 43. Determine m(-6).
7
Let n(i) = -23*i + 194. Calculate n(9).
-13
Let q(z) = -z**2 - 75*z - 852. Give q(-61).
2
Let v(c) = c**3 + 14*c**2 - 50*c - 475. Give v(-14).
225
Let s(o) = 864*o + 62206. Determine s(-72).
-2
Let g(x) = -24*x + 31. What is g(3)?
-41
Let g(c) = 494*c - 1972. Determine g(4).
4
Let d(u) = -652*u + 3900. Determine d(6).
-12
Let i(l) = -33*l**2 + 757*l + 43. What is i(23)?
-3
Let l(h) = 206*h + 2053. Determine l(-10).
-7
Let c(v) = 19*v - 438. Determine c(21).
-39
Let g(x) = x**3 + 5*x**2 - 20*x - 9. Give g(-9).
-153
Let b(v) = -257*v - 5664. Give b(-22).
-10
Let t(b) = 12*b**2 + 443*b - 33. Give t(-37).
4
Let n(z) = 122*z - 599. Give n(4).
-111
Let n(c) = 18*c - 15. Determine n(6).
93
Let v(b) = -20*b**2 + 1219*b + 55. What is v(61)?
-6
Let u(t) = -t**3 + 11*t**2 + 10*t - 26. Calculate u(4).
126
Let d(l) = -11*l**2 + 491*l + 176. Calculate d(45).
-4
Let x(r) = 28*r**2 + 826*r - 1297. Determine x(-31).
5
Let z(u) = -15*u**2 - 7*u - 3. Determine z(-3).
-117
Let o(w) = -3*w**2 - 31*w + 85. What is o(-9)?
121
Let u(b) = -24*b**2 - 54*b + 6. Calculate u(-2).
18
Let q(n) = -26*n**3 + 397*n**2 - 103*n - 28. Give q(15).
2
Let y(m) = 4*m**2 - 74*m + 450. Determine y(6).
150
Let k(l) = -17*l + 394. Determine k(38).
-252
Let w(h) = -h**3 + 115*h**2 - 219*h - 789. What is w(113)?
2
Let c(u) = -u**2 + 16*u - 165. What is c(15)?
-150
Let t(f) = -f**3 + 48*f**2 + 206*f - 38. What is t(52)?
-142
Let w(d) = d**3 - 70*d**2 - 139*d - 132. Determine w(72).
228
Let x(a) = 7*a**2 + 51*a - 50. Give x(-8).
-10
Let f(a) = -a**3 - 90*a**2 + 997*a - 300. Give f(-100).
0
Let s(n) = -18*n + 2028. Determine s(110).
48
Let j(w) = 680*w - 1673. Calculate j(4).
1047
Let n(l) = -2*l**3 - 11*l**2 + 8*l + 16. Determine n(-8).
272
Let r(v) = -v**2 + 21*v - 97. What is r(14)?
1
Let r(d) = d**3 + 12*d**2 - 5*d - 76. Determine r(-9).
212
Let u(s) = 82*s - 234. Give u(3).
12
Let d(g) = -4*g - 89. Determine d(12).
-137
Let p(i) = 80*i**3 + i - 1. Give p(1).
80
Let k(v) = -13*v**3 - v**2 - 83*v - 82. What is k(-1)?
13
Let v(d) = 26*d - 3. Calculate v(8).
205
Let b(g) = g**3 + 79*g**2 - 95*g - 1237. Give b(-80).
-37
Let c(a) = a**3 + 3*a**2 + 2*a + 68. What is c(-7)?
-142
Let s(c) = -143*c + 978. Determine s(7).
-23
Let s(n) = 84*n - 1669. What is s(20)?
11
Let t(d) = 25*d**2 + 116*d - 43. Calculate t(-5).
2
Let z(k) = -k**3 - 12*k**2 + 129*k + 21. Give z(7).
-7
Let t(a) = -3*a**3 + 3*a**2 - 41*a - 176. Calculate t(-3).
55
Let q(f) = 12*f**3 - 131*f**2 - 11*f - 36. Determine q(11).
-36
Let q(v) = -3*v**2 + 119*v - 876. Calculate q(9).
-48
Let o(h) = h**2 - 84. Give o(12).
60
Let b(k) = k**3 + 83*k**2 + 248*k + 642. Give b(-80).
2
Let x(u) = -2*u**2 + 11*u - 26. Calculate x(2).
-12
Let a(f) = -25*f - 58. Give a(2).
-108
Let v(x) = -x**2 - 19*x + 168. Determine v(-29).
-122
Let f(t) = t**3 + 109*t**2 + 328*t + 228. Calculate f(-106).
-832
Let z(x) = 226*x + 12882. What is z(-57)?
0
Let u(t) = -t**2 + 54*t - 592. Calculate u(43).
-119
Let w(c) = -379*c + 402. Calculate w(1).
23
Let z(c) = c**3 - 23*c**2 - 56*c + 153. Calculate z(25).
3
Let s(l) = -l**3 - 4*l**2 + 18*l + 52. Calculate s(-8).
164
Let i(w) = -w**2 - 50*w + 94. Calculate i(-49).
143
Let y(z) = 6*z**2 + 10*z - 19. Determine y(4).
117
Let k(i) = 4*i**2 - 227*i - 2086. Give k(-8).
-14
Let g(k) = -110*k**3 + k**2 + 5*k - 5. What is g(1)?
-109
Let i(f) = -316*f + 2837. Determine i(9).
-7
Let k(j) = 32*j - 1654. Determine k(51).
-22
Let f(z) = z**3 - 60*z**2 - 1697*z - 326. Calculate f(81).
-2
Let o(r) = 7*r**2 - 6*r + 5. Give o(2).
21
Let a(d) = -58*d + 121. What is a(0)?
121
Let u(j) = -2*j**3 - 34*j**2 - 103*j + 210. Calculate u(-12).
6
Let j(a) = a**3 - 14*a**2 + 17*a - 24. Give j(13).
28
Let m(z) = -662*z + 5. Calculate m(0).
5
Let s(r) = 588*r + 4107. Calculate s(-7).
-9
Let p(h) = h**2 + 4*h - 173. Give p(-15).
-8
Let d(o) = o**3 - 29*o**2 - 85*o + 12. Calculate d(32).
364
Let r(f) = -f**2 - 36*f - 386. Give r(-13).
-87
Let w(l) = l**3 + 19*l**2 + 13*l + 216. Determine w(-19).
-31
Let d(c) = c**3 - 38*c**2 + 31. Give d(38).
31
Let v(w) = -81*w - 5505. Determine v(-68).
3
Let w(m) = -m**3 + 60*m**2 - 9*m + 537. Give w(60).
-3
Let u(b) = 58*b + 473. What is u(-8)?
9
Let t(p) = 6*p + 112. Calculate t(-40).
-128
Let d(t) = 1226*t - 4885. Give d(4).
19
Let r(v) = v**3 + 17*v**2 + 25*v + 167. Determine r(-16).
23
Let l(o) = 1906*o + 104827. Give l(-55).
-3
Let q(k) = 697*k**2 + 5579*k + 31. Give q(-8).
7
Let j(a) = 2*a**2 - 487*a - 4313. Give j(252).
-29
Let c(y) = y**2 + 6*y - 314. What is c(0)?
-314
Let r(m) = -m**3 - 6*m**2 - 2*m - 11. Give r(-6).
1
Let u(i) = 88*i - 2. What is u(1)?
86
Let b(f) = 2*f**3 - 14*f**2 - 54*f + 287. Calculate b(8).
-17
Let x(l) = -187*l + 3373. Calculate x(18).
7
Let c(b) = 2*b**3 - 62*b**2 - 2*b - 18. Determine c(31).
-80
Let b(u) = 13*u + 1062. What is b(-81)?
9
Let o(z) = -107*z + 2622. Determine o(25).
-53
Let p(q) = 12*q + 1503. What is p(-124)?
15
Let z(l) = 2*l**3 + 38*l**2 + 191*l - 31. Give z(-7).
-192
Let s(l) = 33*l**2 + 1288*l + 84. Calculate s(-39).
45
Let g(i) = -292*i - 4388. Calculate g(-15).
-8
Let i(g) = 4*g**3 + 379*g**2 - 